32?
2
What is the hundred thousands digit of 412032?
4
What is the ten thousands digit of 4935031?
3
What is the hundred thousands digit of 4922853?
9
What is the ten thousands digit of 420819?
2
What is the hundred thousands digit of 2567966?
5
What is the thousands digit of 16391577?
1
What is the ten thousands digit of 1095734?
9
What is the hundred thousands digit of 13869826?
8
What is the tens digit of 79649?
4
What is the hundreds digit of 634657?
6
What is the ten thousands digit of 475466?
7
What is the thousands digit of 365014?
5
What is the units digit of 202613?
3
What is the thousands digit of 39419?
9
What is the hundreds digit of 2052092?
0
What is the ten thousands digit of 1086622?
8
What is the millions digit of 2877018?
2
What is the thousands digit of 91404?
1
What is the ten millions digit of 15436015?
1
What is the units digit of 13405?
5
What is the hundreds digit of 1613290?
2
What is the hundreds digit of 367688?
6
What is the tens digit of 154703?
0
What is the thousands digit of 316345?
6
What is the tens digit of 10370348?
4
What is the tens digit of 26836127?
2
What is the ten thousands digit of 801445?
0
What is the tens digit of 3676589?
8
What is the tens digit of 366595?
9
What is the units digit of 4729269?
9
What is the hundreds digit of 1591537?
5
What is the millions digit of 2110776?
2
What is the thousands digit of 557925?
7
What is the ten thousands digit of 1449111?
4
What is the hundreds digit of 203808?
8
What is the ten thousands digit of 903169?
0
What is the hundreds digit of 2568384?
3
What is the ten thousands digit of 3704439?
0
What is the ten thousands digit of 425615?
2
What is the hundreds digit of 3428966?
9
What is the hundreds digit of 15602848?
8
What is the millions digit of 19692540?
9
What is the hundred thousands digit of 467059?
4
What is the tens digit of 1147284?
8
What is the tens digit of 4765015?
1
What is the hundreds digit of 988171?
1
What is the tens digit of 198630?
3
What is the tens digit of 240655?
5
What is the tens digit of 121127?
2
What is the tens digit of 7337674?
7
What is the hundred thousands digit of 205417?
2
What is the hundred thousands digit of 15177893?
1
What is the tens digit of 3696345?
4
What is the ten thousands digit of 5147033?
4
What is the units digit of 4158257?
7
What is the ten thousands digit of 2479856?
7
What is the tens digit of 172000?
0
What is the hundred thousands digit of 258871?
2
What is the hundred thousands digit of 297837?
2
What is the hundred thousands digit of 153676?
1
What is the hundred thousands digit of 790029?
7
What is the hundred thousands digit of 12528377?
5
What is the hundred thousands digit of 1052599?
0
What is the units digit of 233477?
7
What is the tens digit of 629558?
5
What is the units digit of 109870?
0
What is the thousands digit of 3196909?
6
What is the ten thousands digit of 8275273?
7
What is the millions digit of 2861166?
2
What is the ten thousands digit of 283802?
8
What is the ten thousands digit of 7216019?
1
What is the hundreds digit of 374363?
3
What is the thousands digit of 3329474?
9
What is the units digit of 11342764?
4
What is the tens digit of 15678775?
7
What is the hundred thousands digit of 1601043?
6
What is the millions digit of 1859004?
1
What is the units digit of 132638?
8
What is the thousands digit of 127206?
7
What is the thousands digit of 4537478?
7
What is the hundreds digit of 5688965?
9
What is the hundreds digit of 899311?
3
What is the units digit of 650839?
9
What is the thousands digit of 139028?
9
What is the ten thousands digit of 150681?
5
What is the ten thousands digit of 72624?
7
What is the millions digit of 1934997?
1
What is the tens digit of 128710?
1
What is the ten thousands digit of 255929?
5
What is the millions digit of 8368929?
8
What is the thousands digit of 2220291?
0
What is the ten thousands digit of 7440598?
4
What is the ten millions digit of 39033490?
3
What is the units digit of 510025?
5
What is the ten thousands digit of 387205?
8
What is the units digit of 503?
3
What is the units digit of 20412776?
6
What is the millions digit of 9647661?
9
What is the thousands digit of 7245866?
5
What is the hundreds digit of 18157901?
9
What is the thousands digit of 180401?
0
What is the units digit of 1084811?
1
What is the hundreds digit of 503425?
4
What is the hundred thousands digit of 11560717?
5
What is the hundred thousands digit of 762356?
7
What is the ten thousands digit of 966080?
6
What is the thousands digit of 9699750?
9
What is the units digit of 543745?
5
What is the units digit of 2795620?
0
What is the hundreds digit of 1197581?
5
What is the ten thousands digit of 26978249?
7
What is the hundreds digit of 4970838?
8
What is the hundred thousands digit of 2349338?
3
What is the ten thousands digit of 625490?
2
What is the units digit of 749315?
5
What is the tens digit of 311794?
9
What is the thousands digit of 5604403?
4
What is the ten thousands digit of 87340?
8
What is the tens digit of 8444376?
7
What is the thousands digit of 16137685?
7
What is the millions digit of 3756839?
3
What is the thousands digit of 3343073?
3
What is the tens digit of 518672?
7
What is the tens digit of 564057?
5
What is the units digit of 139675?
5
What is the hundred thousands digit of 1080143?
0
What is the units digit of 399461?
1
What is the ten thousands digit of 2559130?
5
What is the units digit of 25109?
9
What is the ten thousands digit of 5796546?
9
What is the ten thousands digit of 1310364?
1
What is the thousands digit of 4832657?
2
What is the ten thousands digit of 571533?
7
What is the ten thousands digit of 995211?
9
What is the thousands digit of 2496957?
6
What is the units digit of 25071?
1
What is the hundred thousands digit of 364920?
3
What is the tens digit of 2281188?
8
What is the hundred thousands digit of 348290?
3
What is the hundreds digit of 14631764?
7
What is the thousands digit of 4279811?
9
What is the tens digit of 4144454?
5
What is the units digit of 34589912?
2
What is the ten thousands digit of 9077014?
7
What is the millions digit of 2182824?
2
What is the hundreds digit of 3307341?
3
What is the ten millions digit of 10641538?
1
What is the hundred thousands digit of 2999212?
9
What is the millions digit of 11309270?
1
What is the hundred thousands digit of 5852124?
8
What is the tens digit of 332444?
4
What is the ten thousands digit of 8723586?
2
What is the tens digit of 104135?
3
What is the units digit of 5297901?
1
What is the thousands digit of 11116298?
6
What is the hundred thousands digit of 295856?
2
What is the tens digit of 17112157?
5
What is the hundreds digit of 1004189?
1
What is the ten millions digit of 21758085?
2
What is the ten thousands digit of 353494?
5
What is the hundred thousands digit of 992760?
9
What is the thousands digit of 95426?
5
What is the ten thousands digit of 2444058?
4
What is the ten thousands digit of 1575071?
7
What is the tens digit of 256347?
4
What is the hundreds digit of 235204?
2
What is the tens digit of 144723?
2
What is the tens digit of 737407?
0
What is the hundreds digit of 732271?
2
What is the ten thousands digit of 164325?
6
What is the tens digit of 88664?
6
What is the hundreds digit of 362262?
2
What is the ten thousands digit of 1626258?
2
What is the hundreds digit of 19120810?
8
What is the ten thousands digit of 3268791?
6
What is the units digit of 642150?
0
What is the ten thousands digit of 6645958?
4
What is the millions digit of 25115434?
5
What is the hundreds digit of 388634?
6
What is the hundreds digit of 3402849?
8
What is the thousands digit of 381816?
1
What is the hundreds digit of 300171?
1
What is the ten thousands digit of 1652354?
5
What is the hundreds digit of 8915099?
0
What is the hundreds digit of 41037?
0
What is the tens digit of 1693381?
8
What is the hundred thousands digit of 235676?
2
What is the thousands digit of 1087244?
7
What is the hundreds digit of 118223?
2
What is the thousands digit of 182767?
2
What is the hundreds digit of 235236?
2
What is the hundreds digit of 159345?
3
What is the tens digit of 735470?
7
What is the thousands digit of 793336?
3
What is the ten thousands digit of 57395?
5
What